?
2
Calculate the remainder when 487234 is divided by 3636.
10
Calculate the remainder when 788614 is divided by 262864.
22
Calculate the remainder when 1118047 is divided by 294.
259
Calculate the remainder when 27403959 is divided by 805.
149
Calculate the remainder when 3052252 is divided by 1621.
1530
Calculate the remainder when 7193752 is divided by 1721.
1693
Calculate the remainder when 24449034 is divided by 313448.
90
What is the remainder when 1275490 is divided by 210?
160
Calculate the remainder when 10664661 is divided by 86004.
165
Calculate the remainder when 64304 is divided by 64125.
179
What is the remainder when 14143056 is divided by 2276?
2268
Calculate the remainder when 47051 is divided by 21449.
4153
What is the remainder when 11019757 is divided by 565?
562
What is the remainder when 6275723 is divided by 12653?
12488
What is the remainder when 348595 is divided by 734?
679
Calculate the remainder when 11278486 is divided by 13.
11
What is the remainder when 100664 is divided by 50025?
614
Calculate the remainder when 118715 is divided by 59337.
41
What is the remainder when 438247 is divided by 2476?
2471
Calculate the remainder when 52649074 is divided by 64.
50
What is the remainder when 8655286 is divided by 2885090?
16
What is the remainder when 3078830 is divided by 1026245?
95
Calculate the remainder when 599422 is divided by 860.
2
What is the remainder when 1139090 is divided by 227794?
120
Calculate the remainder when 2611331 is divided by 9.
8
Calculate the remainder when 141564 is divided by 33.
27
What is the remainder when 23932863 is divided by 94?
87
Calculate the remainder when 16678 is divided by 169.
116
What is the remainder when 956606 is divided by 602?
28
Calculate the remainder when 330053 is divided by 483.
164
Calculate the remainder when 74143964 is divided by 13.
11
What is the remainder when 695814 is divided by 229423?
7545
Calculate the remainder when 338964 is divided by 25.
14
What is the remainder when 30131 is divided by 13902?
2327
What is the remainder when 22294 is divided by 7408?
70
Calculate the remainder when 6264 is divided by 67.
33
What is the remainder when 97329996 is divided by 8014?
7980
What is the remainder when 787969 is divided by 10648?
17
Calculate the remainder when 383085 is divided by 66.
21
What is the remainder when 130505 is divided by 872?
577
What is the remainder when 2458013 is divided by 426?
419
What is the remainder when 1176879 is divided by 1256?
7
What is the remainder when 9070 is divided by 211?
208
Calculate the remainder when 144164 is divided by 859.
711
What is the remainder when 362815 is divided by 671?
475
What is the remainder when 835951 is divided by 64?
47
What is the remainder when 4507 is divided by 11?
8
Calculate the remainder when 656307 is divided by 2467.
85
What is the remainder when 285131205 is divided by 70?
65
What is the remainder when 56206 is divided by 4671?
154
What is the remainder when 11502725 is divided by 64?
5
Calculate the remainder when 81825535 is divided by 327.
325
Calculate the remainder when 21956 is divided by 21945.
11
What is the remainder when 22198146 is divided by 28?
26
Calculate the remainder when 1005682 is divided by 3256.
2834
Calculate the remainder when 671276 is divided by 51535.
1321
Calculate the remainder when 117759 is divided by 493.
425
Calculate the remainder when 1045233 is divided by 1550.
533
What is the remainder when 110054 is divided by 27508?
22
What is the remainder when 76078925 is divided by 133?
132
What is the remainder when 22353 is divided by 490?
303
What is the remainder when 351591239 is divided by 55?
54
What is the remainder when 72114 is divided by 776?
722
Calculate the remainder when 25498151 is divided by 142.
63
What is the remainder when 97889 is divided by 104?
25
Calculate the remainder when 2874966 is divided by 51338.
38
What is the remainder when 508740 is divided by 63562?
244
Calculate the remainder when 88489 is divided by 88426.
63
Calculate the remainder when 8522573 is divided by 68.
65
What is the remainder when 72408 is divided by 1685?
1638
Calculate the remainder when 239550 is divided by 49.
38
Calculate the remainder when 52362 is divided by 6947.
3733
What is the remainder when 75254 is divided by 1631?
228
Calculate the remainder when 4896738 is divided by 93.
9
What is the remainder when 9834 is divided by 2382?
306
What is the remainder when 7901127 is divided by 38542?
17
What is the remainder when 159589 is divided by 6131?
183
What is the remainder when 60908 is divided by 939?
812
Calculate the remainder when 5671438 is divided by 1063.
333
What is the remainder when 1243443 is divided by 1243261?
182
What is the remainder when 28237 is divided by 2156?
209
What is the remainder when 578309 is divided by 57827?
39
Calculate the remainder when 2716167 is divided by 23826.
3
What is the remainder when 271124 is divided by 1310?
1264
Calculate the remainder when 161987 is divided by 5518.
1965
Calculate the remainder when 1151594 is divided by 66.
26
What is the remainder when 3434283 is divided by 21199?
45
Calculate the remainder when 36379 is divided by 344.
259
Calculate the remainder when 27125496 is divided by 896.
888
Calculate the remainder when 269149722 is divided by 2755.
2752
What is the remainder when 58596861 is divided by 52695?
21
Calculate the remainder when 5705517 is divided by 25.
17
What is the remainder when 10614099 is divided by 14?
13
What is the remainder when 71135926 is divided by 23711965?
31
Calculate the remainder when 252092 is divided by 6812.
48
Calculate the remainder when 45586 is divided by 127.
120
Calculate the remainder when 7173 is divided by 178.
53
What is the remainder when 1296767 is divided by 2489?
2487
Calculate the remainder when 3348067 is divided by 74.
11
Calculate the remainder when 27624079 is divided by 3453009.
7
Calculate the remainder when 41113 is divided by 15459.
10195
Calculate the remainder when 34170 is divided by 4947.
4488
Calculate the remainder when 9483294 is divided by 129.
117
What is the remainder when 20503 is divided by 719?
371
What is the remainder when 35237189 is divided by 162?
83
Calculate the remainder when 4169225 is divided by 320701.
112
Calculate the remainder when 224825909 is divided by 70.
49
Calculate the remainder when 21713921 is divided by 61.
56
Calculate the remainder when 2720745 is divided by 209.
192
What is the remainder when 96849 is divided by 7784?
3441
What is the remainder when 864860 is divided by 85?
70
Calculate the remainder when 5858160 is divided by 110.
0
Calculate the remainder when 128755768 is divided by 153.
148
What is the remainder when 13719 is divided by 2680?
319
What is the remainder when 5740022 is divided by 40998?
302
Calculate the remainder when 7237420 is divided by 1809346.
36
What is the remainder when 6473311 is divided by 1545?
1306
Calculate the remainder when 32251 is divided by 4845.
3181
What is the remainder when 185605 is divided by 1093?
888
Calculate the remainder when 11129 is divided by 10987.
142
Calculate the remainder when 14341927 is divided by 1049.
1048
Calculate the remainder when 1140815 is divided by 2241.
146
Calculate the remainder when 633267 is divided by 43.
6
What is the remainder when 11020146 is divided by 1352?
1346
What is the remainder when 12285163 is divided by 3862?
141
What is the remainder when 1727816 is divided by 111?
101
Calculate the remainder when 40050920 is divided by 34408.
8
What is the remainder when 742023 is divided by 2320?
1943
Calculate the remainder when 170904 is divided by 18963.
237
Calculate the remainder when 164711 is divided by 31.
8
What is the remainder when 494049 is divided by 596?
561
What is the remainder when 2156027 is divided by 2209?
43
What is the remainder when 150298177 is divided by 223658?
1
Calculate the remainder when 25376333 is divided by 76.
9
Calculate the remainder when 1122485 is divided by 102042.
23
Calculate the remainder when 5304088 is divided by 458.
448
Calculate the remainder when 747037 is divided by 253.
181
What is the remainder when 31718543 is divided by 38?
19
What is the remainder when 6079109 is divided by 3342?